[INFO] fetching crate strong_rc 0.1.4...
[INFO] checking strong_rc-0.1.4 against try#72f88fc4e9458f89516a0b8b0868f3718aec5b47 for pr-74989
[INFO] extracting crate strong_rc 0.1.4 into /workspace/builds/worker-0/source
[INFO] validating manifest of crates.io crate strong_rc 0.1.4 on toolchain 72f88fc4e9458f89516a0b8b0868f3718aec5b47
[INFO] running `Command { std: "/workspace/cargo-home/bin/cargo" "+72f88fc4e9458f89516a0b8b0868f3718aec5b47" "read-manifest" "--manifest-path" "Cargo.toml", kill_on_drop: false }`
[INFO] started tweaking crates.io crate strong_rc 0.1.4
[INFO] finished tweaking crates.io crate strong_rc 0.1.4
[INFO] tweaked toml for crates.io crate strong_rc 0.1.4 written to /workspace/builds/worker-0/source/Cargo.toml
[INFO] running `Command { std: "/workspace/cargo-home/bin/cargo" "+72f88fc4e9458f89516a0b8b0868f3718aec5b47" "generate-lockfile" "--manifest-path" "Cargo.toml" "-Zno-index-update", kill_on_drop: false }`
[INFO] running `Command { std: "/workspace/cargo-home/bin/cargo" "+72f88fc4e9458f89516a0b8b0868f3718aec5b47" "fetch" "--locked" "--manifest-path" "Cargo.toml", kill_on_drop: false }`
[INFO] running `Command { std: "docker" "create" "-v" "/var/lib/crater-agent-workspace/builds/worker-0/target:/opt/rustwide/target:rw,Z" "-v" "/var/lib/crater-agent-workspace/builds/worker-0/source:/opt/rustwide/workdir:ro,Z" "-v" "/var/lib/crater-agent-workspace/cargo-home:/opt/rustwide/cargo-home:ro,Z" "-v" "/var/lib/crater-agent-workspace/rustup-home:/opt/rustwide/rustup-home:ro,Z" "-e" "SOURCE_DIR=/opt/rustwide/workdir" "-e" "CARGO_TARGET_DIR=/opt/rustwide/target" "-e" "CARGO_HOME=/opt/rustwide/cargo-home" "-e" "RUSTUP_HOME=/opt/rustwide/rustup-home" "-w" "/opt/rustwide/workdir" "-m" "1610612736" "--user" "0:0" "--network" "none" "rustops/crates-build-env@sha256:d92eaeed33fa75130ca1ee6c8a01d1ffb62bac859dfdfb3450e3e5d1c0146529" "/opt/rustwide/cargo-home/bin/cargo" "+72f88fc4e9458f89516a0b8b0868f3718aec5b47" "metadata" "--no-deps" "--format-version=1", kill_on_drop: false }`
[INFO] [stdout] aec853eb547134a1b6bb3fca381f5a5397a628922cdc87378596c4a8aa111422
[INFO] [stderr] WARNING: Your kernel does not support swap limit capabilities or the cgroup is not mounted. Memory limited without swap.
[INFO] running `Command { std: "docker" "start" "-a" "aec853eb547134a1b6bb3fca381f5a5397a628922cdc87378596c4a8aa111422", kill_on_drop: false }`
[INFO] running `Command { std: "docker" "inspect" "aec853eb547134a1b6bb3fca381f5a5397a628922cdc87378596c4a8aa111422", kill_on_drop: false }`
[INFO] running `Command { std: "docker" "rm" "-f" "aec853eb547134a1b6bb3fca381f5a5397a628922cdc87378596c4a8aa111422", kill_on_drop: false }`
[INFO] [stdout] aec853eb547134a1b6bb3fca381f5a5397a628922cdc87378596c4a8aa111422
[INFO] running `Command { std: "docker" "create" "-v" "/var/lib/crater-agent-workspace/builds/worker-0/target:/opt/rustwide/target:rw,Z" "-v" "/var/lib/crater-agent-workspace/builds/worker-0/source:/opt/rustwide/workdir:ro,Z" "-v" "/var/lib/crater-agent-workspace/cargo-home:/opt/rustwide/cargo-home:ro,Z" "-v" "/var/lib/crater-agent-workspace/rustup-home:/opt/rustwide/rustup-home:ro,Z" "-e" "SOURCE_DIR=/opt/rustwide/workdir" "-e" "CARGO_TARGET_DIR=/opt/rustwide/target" "-e" "CARGO_INCREMENTAL=0" "-e" "RUST_BACKTRACE=full" "-e" "RUSTFLAGS=--cap-lints=forbid" "-e" "CARGO_HOME=/opt/rustwide/cargo-home" "-e" "RUSTUP_HOME=/opt/rustwide/rustup-home" "-w" "/opt/rustwide/workdir" "-m" "1610612736" "--user" "0:0" "--network" "none" "rustops/crates-build-env@sha256:d92eaeed33fa75130ca1ee6c8a01d1ffb62bac859dfdfb3450e3e5d1c0146529" "/opt/rustwide/cargo-home/bin/cargo" "+72f88fc4e9458f89516a0b8b0868f3718aec5b47" "check" "--frozen" "--all" "--all-targets" "--message-format=json", kill_on_drop: false }`
[INFO] [stdout] a39fb4d846e549f39186fe1da856c73a72d4981d30c659d65c5133e66874e9b4
[INFO] [stderr] WARNING: Your kernel does not support swap limit capabilities or the cgroup is not mounted. Memory limited without swap.
[INFO] running `Command { std: "docker" "start" "-a" "a39fb4d846e549f39186fe1da856c73a72d4981d30c659d65c5133e66874e9b4", kill_on_drop: false }`
[INFO] [stderr]     Checking strong_rc v0.1.4 (/opt/rustwide/workdir)
[INFO] [stderr]     Checking rand v0.4.6
[INFO] [stdout] error[E0432]: unresolved import `alloc::heap`
[INFO] [stdout]    --> src/lib.rs:128:5
[INFO] [stdout]     |
[INFO] [stdout] 128 | use alloc::heap;
[INFO] [stdout]     |     ^^^^^^^^^^^ no `heap` in the root
[INFO] [stdout] 
[INFO] [stdout] 
[INFO] [stdout] error[E0432]: unresolved import `std::ptr::Shared`
[INFO] [stdout]    --> src/lib.rs:139:22
[INFO] [stdout]     |
[INFO] [stdout] 139 | use std::ptr::{self, Shared};
[INFO] [stdout]     |                      ^^^^^^ no `Shared` in `ptr`
[INFO] [stdout] 
[INFO] [stdout] 
[INFO] [stdout] error[E0658]: negative trait bounds are not yet fully implemented; use marker types for now
[INFO] [stdout]    --> src/lib.rs:187:17
[INFO] [stdout]     |
[INFO] [stdout] 187 | impl<T: ?Sized> !marker::Send for Rc<T> {}
[INFO] [stdout]     |                 ^^^^^^^^^^^^^
[INFO] [stdout]     |
[INFO] [stdout]     = note: see issue #68318 <https://github.com/rust-lang/rust/issues/68318> for more information
[INFO] [stdout]     = help: add `#![feature(negative_impls)]` to the crate attributes to enable
[INFO] [stdout] 
[INFO] [stdout] 
[INFO] [stdout] error[E0658]: negative trait bounds are not yet fully implemented; use marker types for now
[INFO] [stdout]    --> src/lib.rs:188:17
[INFO] [stdout]     |
[INFO] [stdout] 188 | impl<T: ?Sized> !marker::Sync for Rc<T> {}
[INFO] [stdout]     |                 ^^^^^^^^^^^^^
[INFO] [stdout]     |
[INFO] [stdout]     = note: see issue #68318 <https://github.com/rust-lang/rust/issues/68318> for more information
[INFO] [stdout]     = help: add `#![feature(negative_impls)]` to the crate attributes to enable
[INFO] [stdout] 
[INFO] [stdout] 
[INFO] [stdout] warning: the feature `specialization` is incomplete and may not be safe to use and/or cause compiler crashes
[INFO] [stdout]    --> src/lib.rs:124:12
[INFO] [stdout]     |
[INFO] [stdout] 124 | #![feature(specialization)]
[INFO] [stdout]     |            ^^^^^^^^^^^^^^
[INFO] [stdout]     |
[INFO] [stdout]     = note: `#[warn(incomplete_features)]` on by default
[INFO] [stdout]     = note: see issue #31844 <https://github.com/rust-lang/rust/issues/31844> for more information
[INFO] [stdout] 
[INFO] [stdout] 
[INFO] [stdout] error[E0374]: the trait `CoerceUnsized` may only be implemented for a coercion between structures with one field being coerced, none found
[INFO] [stdout]    --> src/lib.rs:190:1
[INFO] [stdout]     |
[INFO] [stdout] 190 | / impl<T, U> CoerceUnsized<Rc<U>> for Rc<T>
[INFO] [stdout] 191 | | where T: ?Sized + Unsize<U>,
[INFO] [stdout] 192 | |       U: ?Sized {}
[INFO] [stdout]     | |__________________^
[INFO] [stdout] 
[INFO] [stdout] 
[INFO] [stdout] error: aborting due to 5 previous errors; 1 warning emitted
[INFO] [stdout] 
[INFO] [stdout] 
[INFO] [stdout] Some errors have detailed explanations: E0374, E0432, E0658.
[INFO] [stdout] 
[INFO] [stdout] For more information about an error, try `rustc --explain E0374`.
[INFO] [stdout] 
[INFO] [stderr] error: could not compile `strong_rc`.
[INFO] [stderr] 
[INFO] [stderr] To learn more, run the command again with --verbose.
[INFO] [stderr] warning: build failed, waiting for other jobs to finish...
[INFO] [stderr] error: build failed
[INFO] running `Command { std: "docker" "inspect" "a39fb4d846e549f39186fe1da856c73a72d4981d30c659d65c5133e66874e9b4", kill_on_drop: false }`
[INFO] running `Command { std: "docker" "rm" "-f" "a39fb4d846e549f39186fe1da856c73a72d4981d30c659d65c5133e66874e9b4", kill_on_drop: false }`
[INFO] [stdout] a39fb4d846e549f39186fe1da856c73a72d4981d30c659d65c5133e66874e9b4
